3
What are the prime factors of 234493272?
2, 3, 13, 37, 61
List the prime factors of 166610940.
2, 3, 5, 2776849
List the prime factors of 107054672.
2, 1949, 3433
What are the prime factors of 1515310968?
2, 3, 71, 137, 6491
What are the prime factors of 6811404234?
2, 3, 337, 1063, 3169
What are the prime factors of 669228755?
5, 13, 619, 16633
What are the prime factors of 1721487211?
359, 4795229
What are the prime factors of 2950539783?
3, 983513261
List the prime factors of 650834818.
2, 23, 14148583
List the prime factors of 44998349.
11, 1237, 3307
What are the prime factors of 2965135248?
2, 3, 47, 48679
What are the prime factors of 5196797933?
31, 3929, 42667
What are the prime factors of 3052675571?
11, 277515961
What are the prime factors of 33446437?
33446437
List the prime factors of 30486698.
2, 11, 41, 73, 463
What are the prime factors of 52733455?
5, 19, 29, 19141
List the prime factors of 1630641551.
7, 11, 29, 2129
List the prime factors of 4064512307.
4064512307
What are the prime factors of 108001231?
13, 8307787
List the prime factors of 164308274.
2, 13, 23, 59, 4657
List the prime factors of 1716591638.
2, 25153, 34123
What are the prime factors of 4753305003?
3, 47, 33711383
List the prime factors of 70428546.
2, 3, 1873, 2089
What are the prime factors of 82764970?
2, 5, 373, 22189
What are the prime factors of 218168783?
7, 47, 663127
List the prime factors of 3491208850.
2, 5, 2617, 26681
What are the prime factors of 200954012?
2, 7, 7176929
What are the prime factors of 88106360?
2, 5, 929, 2371
What are the prime factors of 84267359?
11, 29, 9109
What are the prime factors of 926271930?
2, 3, 5, 593, 52067
What are the prime factors of 29549580?
2, 3, 5, 587, 839
List the prime factors of 1222674824.
2, 7, 21833479
List the prime factors of 66156856.
2, 1949, 4243
List the prime factors of 43600166.
2, 29, 751727
List the prime factors of 826233955.
5, 223, 617, 1201
List the prime factors of 2410927084.
2, 389, 1549439
What are the prime factors of 3209045079?
3, 1069681693
What are the prime factors of 47845874?
2, 2383, 10039
What are the prime factors of 96442606?
2, 13, 3709331
List the prime factors of 19892364.
2, 3, 1657697
What are the prime factors of 214461396?
2, 3, 5957261
What are the prime factors of 18419369?
18419369
What are the prime factors of 1498501687?
97, 15448471
List the prime factors of 546234712.
2, 6761, 10099
What are the prime factors of 2285200201?
15583, 146647
List the prime factors of 820536955.
5, 7, 191, 122743
What are the prime factors of 546544377?
3, 23, 691, 3821
What are the prime factors of 550027758?
2, 3, 7, 17, 311, 2477
List the prime factors of 3434288004.
2, 3, 7, 31, 146539
What are the prime factors of 2605000984?
2, 17, 37, 79, 6553
List the prime factors of 463338347.
463338347
What are the prime factors of 830308103?
830308103
What are the prime factors of 47662600?
2, 5, 238313
What are the prime factors of 903410413?
17, 53141789
List the prime factors of 1260212447.
13, 59, 67, 137, 179
List the prime factors of 2257400053.
83, 353, 77047
List the prime factors of 56278900.
2, 5, 562789
List the prime factors of 68762215.
5, 773, 17791
List the prime factors of 49550880.
2, 3, 5, 103231
List the prime factors of 67080809.
4733, 14173
List the prime factors of 178874393.
5297, 33769
What are the prime factors of 101246224?
2, 6327889
List the prime factors of 385760972.
2, 96440243
What are the prime factors of 1285856042?
2, 37, 17376433
List the prime factors of 305696020.
2, 5, 7, 2183543
What are the prime factors of 13378482?
2, 3, 13, 57173
List the prime factors of 329998404.
2, 3, 103, 313, 853
What are the prime factors of 46240190?
2, 5, 4624019
List the prime factors of 50509582.
2, 25254791
What are the prime factors of 239785249?
11, 199, 109541
What are the prime factors of 18061291?
37, 488143
List the prime factors of 1004753879.
19001, 52879
What are the prime factors of 574593979?
37, 59, 263213
List the prime factors of 46626471.
3, 41, 126359
List the prime factors of 1953903208.
2, 79, 1123, 2753
List the prime factors of 53198580.
2, 3, 5, 886643
List the prime factors of 328824290.
2, 5, 4271, 7699
List the prime factors of 108936417.
3, 643, 56473
What are the prime factors of 1818860429?
659, 2760031
What are the prime factors of 5499655075?
5, 97, 449, 5051
List the prime factors of 129481776.
2, 3, 899179
List the prime factors of 104269652.
2, 283, 92111
List the prime factors of 825290266.
2, 11383, 36251
List the prime factors of 22008013.
17, 29, 44641
What are the prime factors of 1197075388?
2, 23, 157, 179, 463
List the prime factors of 130466883.
3, 269, 601
What are the prime factors of 31267412?
2, 11, 710623
List the prime factors of 2383329885.
3, 5, 19, 8362561
What are the prime factors of 26275714?
2, 503, 26119
List the prime factors of 34690149.
3, 13, 17, 107, 163
What are the prime factors of 407313724?
2, 4259, 23909
List the prime factors of 4958720849.
4958720849
What are the prime factors of 2240297346?
2, 3, 7, 61, 124919
List the prime factors of 192374831.
11, 1319, 13259
What are the prime factors of 49816617?
3, 503, 33013
What are the prime factors of 1977987292?
2, 37, 47, 284357
What are the prime factors of 135422843?
173, 782791
What are the prime factors of 7022771?
7, 31, 32363
List the prime factors of 67701910.
2, 5, 59, 114749
List the prime factors of 229075083.
3, 829, 30703
What are the prime factors of 480108147?
3, 491, 325939
List the prime factors of 669547835.
5, 11, 41, 97, 3061
List the prime factors of 1683673829.
17, 31, 187931
What are the prime factors of 3661338092?
2, 173, 5290951
List the prime factors of 29949796.
2, 7487449
What are the prime factors of 207993777?
3, 3967, 17477
List the prime factors of 80026545.
3, 5, 23, 231961
List the prime factors of 899017129.
19, 47316691
What are the prime factors of 602708570?
2, 5, 60270857
List the prime factors of 1484719912.
2, 13, 547, 26099
What are the prime factors of 257285566?
2, 107, 1202269
List the prime factors of 70347752.
2, 8793469
What are the prime factors of 656252847?
3, 41, 199, 331
What are the prime factors of 39174568?
2, 4896821
List the prime factors of 10832756.
2, 11, 191, 1289
What are the prime factors of 454369562?
2, 43, 122869
What are the prime factors of 468532055?
5, 93706411
What are the prime factors of 288284981?
41, 47, 149603
List the prime factors of 57643907.
179, 251, 1283
List the prime factors of 410068744.
2, 31, 1653503
List the prime factors of 9253006414.
2, 71, 751, 86767
What are the prime factors of 3368271494?
2, 7, 433, 555637
List the prime factors of 220727910.
2, 3, 5, 13, 73, 7753
What are the prime factors of 14102350?
2, 5, 17, 47, 353
List the prime factors of 1163687850.
2, 3, 5, 13, 61, 1087
List the prime factors of 874316.
2, 218579
List the prime factors of 195895373.
195895373
What are the prime factors of 1233406836?
2, 3, 34261301
What are the prime factors of 27453637?
27453637
List the prime factors of 1229006724.
2, 3, 11, 137, 67961
List the prime factors of 46741696.
2, 730339
What are the prime factors of 202912860?
2, 3, 5, 3381881
List the prime factors of 46375496.
2, 71, 81647
List the prime factors of 81938244.
2, 3, 6828187
What are the prime factors of 778122730?
2, 5, 7, 11, 1010549
List the prime factors of 1205935539.
3, 401978513
What are the prime factors of 1183507686?
2, 3, 2435201
List the prime factors of 39214506.
2, 3, 6535751
List the prime factors of 16026512.
2, 17, 58921
What are the prime factors of 69350919?
3, 11, 29, 72467
List the prime factors of 295848978.
2, 3, 401, 122963
List the prime factors of 2691605739.
3, 29, 1307, 23671
What are the prime factors of 64915267?
19, 1049, 3257
List the prime factors of 788887631.
7, 112698233
What are the prime factors of 257872373?
11, 23442943
List the prime factors of 199547695.
5, 29, 1376191
What are the prime factors of 138084450?
2, 3, 5, 7, 18787
What are the prime factors of 710907991?
1289, 551519
What are the prime factors of 30849673?
19, 1623667
What are the prime factors of 253352126?
2, 883, 143461
List the prime factors of 185016669.
3, 23, 887, 3023
What are the 